 0. What is the tens digit of t?
2
Let o be 4 - (-4 + 15/5). Suppose -o*l + 330 = 5*z, z = -0*l - 2*l + 68. What is the tens digit of z?
6
Suppose -z + 3*r = 3*z - 14, 0 = 2*r - 4. Suppose 0*u + 4*p - 41 = u, 229 = -z*u - 4*p. What is the units digit of (72/u)/((-2)/40)?
2
Let x(g) = 5*g**3 + g - 2. Let b be x(1). Suppose -h = -6*h + t + 193, 3*t - 162 = -b*h. What is the units digit of h?
9
Let i(f) = 126*f**2 - 2*f - 7. Let s be i(-3). Suppose 0 = -7*k + 337 + s. What is the tens digit of k?
1
Suppose 4*o + p - 2200 = -3*p, -2*p = -4. What is the tens digit of o?
4
Let q = -355 + 672. What is the tens digit of q?
1
Let g(u) = -14*u - 7. Let d be g(-2). Let q = d - 22. What is the tens digit of 26*(q - 15/(-10))?
1
Let a(o) = 4*o - 42. Let t be a(10). What is the hundreds digit of (1 - t)*130/3?
1
Let p be ((-18)/30)/(9/(-30)). Suppose v = -3*f + 5*f + 5, -v - p*f = -5. Suppose -v*j - 4*s + 2*s + 236 = 0, -172 = -4*j + 4*s. What is the units digit of j?
6
What is the hundreds digit of 6600/(-90)*(-6 + 0)?
4
Let y(r) = 7*r**2 + 2*r - 8. What is the units digit of y(-9)?
1
What is the tens digit of ((-66)/(-4))/(15/2910)?
0
Let g = 6935 - 4502. What is the hundreds digit of g?
4
Suppose -d + 4 = -0. Let q = -37 - -197. Suppose 4*n = 5*j + 3*n - q, -3*j + d*n = -79. What is the tens digit of j?
3
Let a = -451 - -781. Suppose -2*o = -7*o + a. What is the units digit of o?
6
Let b = -3478 - -5010. What is the hundreds digit of b?
5
Let w(v) = 5*v**2 + 15*v - 5. Let o(y) = -3*y**2 - 7*y + 2. Let b(k) = 7*o(k) + 4*w(k). Let g be (1 - 0/1)*9. What is the units digit of b(g)?
2
Suppose 9476 = 5*c + 2*l, -34*c = -37*c + 2*l + 5692. What is the hundreds digit of c?
8
Let m(t) = -t - 19. Let r be m(-17). Let q be r/6 - (-20)/6. Suppose -j - 3*b = -23, j + 2*j + q*b - 75 = 0. What is the tens digit of j?
2
Suppose 0 = 5*f + 5, 0 = -u + 49*f - 51*f + 1666. What is the units digit of u?
8
Let x(g) = -g**2 + 7*g - 13. Let o be x(6). Let v(y) = -y**2 - 8*y + 1. Let h be v(o). Suppose h*p = 3*p + 215. What is the tens digit of p?
4
Suppose -4*o + 5804 = 4*p, -p = 3*o + 88 - 1545. What is the units digit of p?
8
Let l = -221 - -137. Let u = 52 + l. Let j = u + 58. What is the tens digit of j?
2
Suppose -4*m + 3*m = 4*j - 1147, -2*j = -5*m + 5691. What is the tens digit of m?
3
Suppose -38*l - 154 = -39*l. What is the hundreds digit of l?
1
What is the tens digit of 11/55 + 508/10?
5
Let q = -27 - -32. Let k(b) = 5*b**2 - 12. What is the hundreds digit of k(q)?
1
Let a(q) = 9*q. Let o = -4 + 6. Let m be (0 + 6)*1/o. What is the tens digit of a(m)?
2
Let l(f) = 3*f - 46. Let g be l(16). Suppose 2 = g*y, 2*m + 3*y - 82 = y. What is the tens digit of m?
4
Let f = -731 + 1558. Suppose -148 = 7*s - f. What is the units digit of s?
7
Suppose 264 = -f - 5*f. Let n = 64 + f. Suppose -4*v = -16 - n. What is the units digit of v?
9
Suppose -j - 11 = 3*j + t, -4*j = 5*t + 7. What is the tens digit of (j + -3 + 55)*1?
4
Suppose 100*j + 11037 = 113*j. What is the hundreds digit of j?
8
Suppose 5*p - 3*m + 4*m + 33 = 0, -p + 5*m = 17. Let c = p + 0. Let d(s) = -s**3 - 6*s**2 + s - 1. What is the tens digit of d(c)?
4
Let m(y) = y**3 + 12*y**2 - 28*y + 3. Let f be m(-14). Suppose 1073 + 150 = 4*o - f*d, -3*o + 921 = -3*d. What is the hundreds digit of o?
3
Suppose 24*j + 150 = 22*j. Let p = j - -253. What is the tens digit of p?
7
Suppose 12 = 5*n - 2*n. Suppose -702 = -n*l + 6. What is the hundreds digit of l?
1
Let x(b) = -432*b + 40. What is the thousands digit of x(-4)?
1
Let t(d) = -d + 28. Suppose -x + 5*x = 0. Let p be t(x). Suppose 0 = -3*k + 41 + p. What is the units digit of k?
3
Suppose 64 = -3*t + 301. Suppose t = 2*p + 3. What is the tens digit of p?
3
What is the hundreds digit of (1608/18 + 1)*(-1 - -4)?
2
Let c = 36 - 63. Let a be c/6*(-1 - 1). Let l(b) = -b**2 + 9*b + 5. What is the units digit of l(a)?
5
Let q be 6*3/(-54)*-3. Let f(j) = -5*j + 2. Let g be f(q). Let k(m) = m**3 + 4*m**2 - 3. What is the units digit of k(g)?
6
Suppose 0 = 4*a - 38*n + 34*n - 6816, a + 2*n - 1713 = 0. What is the hundreds digit of a?
7
Let u be (4 + (-504)/3)/(-2). Suppose d - 19 - u = 0. What is the hundreds digit of d?
1
Suppose -1213 - 579 = -7*r. What is the tens digit of r?
5
Let k = 76 + -71. Suppose y - 84 = -5*u, y + 2*y - k*u - 252 = 0. What is the tens digit of y?
8
Suppose -3*m = -12*m + 693. Suppose -3*r - r = u - 83, -r + m = u. What is the tens digit of u?
7
Let z(f) = -8*f + 9. Let d be z(-10). Suppose 3*v - 3*r - 79 = d, 5*v - r = 300. What is the units digit of v?
1
Let r(s) = -23*s**2 - 2*s + 3. Let l be r(2). Let c = -66 - l. What is the tens digit of c?
2
Suppose 8 = -t + 5*t. Suppose -4*q + 5*i + 82 = -20, t*i = 4. What is the units digit of q?
8
Suppose 3*j + 5*n - 2012 = 0, -2*j + 12*n = 7*n - 1358. What is the units digit of j?
4
Let r(j) = 42*j**2 + 7*j - 11. What is the hundreds digit of r(3)?
3
Suppose -52*n + 35*n = -4641. What is the units digit of n?
3
Suppose 8*j + 27 = 11*j. Suppose -j*f - 4 + 103 = 0. What is the units digit of f?
1
Suppose -2*r - 346 - 848 = 0. What is the tens digit of r/(-5) + 8/(-20)?
1
Let i = 5 - 4. Suppose -2*r - i + 95 = 0. What is the tens digit of r?
4
Suppose -2*q = -5*j + 32, 5*j - 2*q + 7*q - 60 = 0. Suppose 12 + j = -4*n. Let w(d) = 3*d**2 + 11*d + 5. What is the units digit of w(n)?
5
Suppose 4*v - 2*x - 1 + 31 = 0, 0 = v + 4*x + 12. What is the units digit of 2*1/2*(-8)/v?
1
Suppose 4*o - 2*n - 6095 + 71 = 0, -n + 2 = 0. What is the hundreds digit of o?
5
Let i(m) = -m**2 + 1. Let y(w) = -2*w**2 + 5*w + 28. Let c(z) = i(z) - y(z). What is the units digit of c(15)?
3
Suppose 0 = 4*k - 4*t - 594 - 898, 2*t = 5*k - 1853. Suppose 6*v - 573 = k. What is the units digit of v?
7
Suppose -2*o + 806 = -2*p + 218, 2*p + 1455 = 5*o. What is the units digit of o?
9
Suppose 0 = -36*o + 39*o - 90. Let z = 68 + o. What is the tens digit of z?
9
Suppose -5*g - 30 = 10. What is the units digit of (-1014)/(-14) + g/(-14)?
3
Let k be 1 - (-6 - (-12)/3). Suppose 0 = k*h - 2 - 7. Suppose d = -h*d + 88. What is the units digit of d?
2
Let r = -899 + 4227. What is the hundreds digit of r?
3
Let n(a) = 908*a - 45. What is the thousands digit of n(2)?
1
Let n = -522 - -360. Let v = n - -228. What is the units digit of v?
6
Suppose -76*h = -47*h - 44805. What is the hundreds digit of h?
5
Let h = -120 - -433. What is the tens digit of h?
1
Suppose -7*k - 2*k = -0*k. Suppose -3*o + 230 = 6*q - q, -2*o + 5*q + 170 = k. What is the units digit of o?
0
Suppose -4*o - 15 = n, 10 + 0 = 3*n + o. Let l = n - 0. Suppose a - 104 = -5*h + 18, -l*h = -4*a - 112. What is the tens digit of h?
2
Suppose 0 = 5*c - 26 + 11. Suppose -5*x - c*x + 744 = 0. What is the tens digit of x?
9
Suppose -a - m + 1801 = 0, 2*a = -m + 1779 + 1823. What is the thousands digit of a?
1
Let l = 0 + 18. Suppose -2*g + 0*g + 45 = 3*b, -3*b + l = g. What is the tens digit of g?
2
Let f = 1344 + 2146. What is the thousands digit of f?
3
Suppose -3*n = l - 3, 0 = -4*n + l - 6*l - 7. Suppose 0 = -p + 4*k + 12, -n*k = -p - 4*k - 6. Let w(z) = -z + 8. What is the units digit of w(p)?
8
Suppose 4*s = 2*s. Let z(r) = -r**2 - r + 73. What is the tens digit of z(s)?
7
Let l(j) = -j**3 + 5*j**2 - 3*j + 6. Let o be l(4). Let w = o + 54. What is the tens digit of w?
6
Let a = 4938 + -3112. What is the thousands digit of a?
1
Suppose -6 = -0*l - l. Suppose 5*h - 14 - l = 0. What is the tens digit of (2 + -8)*(h + -8)?
2
Suppose 2*w = -0*w - 492. What is the tens digit of -6*(1/3 - w/(-36))?
3
Let w(r) = -r**2 + 3*r + 905. Let h be w(0). Suppose -5*d + h = m + 4*m, -d - 899 = -5*m. What is the units digit of m?
0
Let h(d) = 3*d**2 - 9*d + 11. Let t be h(7). Let f = t - -89. What is the units digit of f?
4
Let z be (-120)/(-16)*4/3. Let q(p) = -p**3 + 13*p**2 - 18. What is the units digit of q(z)?
2
Suppose -4*q - 2 + 26 = 0. Let o(r) = -r**2 + 7*r - 6. Let i be o(q). Suppose i = 2*t - 3 - 69. What is the units digit of t?
6
Let v = -49 + 87. Suppose -43*n - v = -44*n. What is the tens digit of n?
3
Suppose 6*f - 18040 - 13712 = 0. What is the tens digit of f?
9
Suppose 35*m = 29*m + 774. Suppose -m - 2 = -c + h, h = -4*c + 509. What is the units digit of c?
8
Suppose -3*m + 5*n - 9 = 